{"id":687,"date":"2024-02-08T19:26:53","date_gmt":"2024-02-08T18:26:53","guid":{"rendered":"https:\/\/www.fjossystem.se\/?page_id=687"},"modified":"2024-02-08T19:28:11","modified_gmt":"2024-02-08T18:28:11","slug":"687-2","status":"publish","type":"page","link":"https:\/\/www.fjossystem.se\/?page_id=687","title":{"rendered":"MilkCab Pasteurizer"},"content":{"rendered":"<p>[et_pb_section fb_built=&#8221;1&#8243; _builder_version=&#8221;4.16&#8243; _module_preset=&#8221;default&#8221; global_colors_info=&#8221;{}&#8221; theme_builder_area=&#8221;post_content&#8221;][et_pb_row _builder_version=&#8221;4.16&#8243; _module_preset=&#8221;default&#8221; global_colors_info=&#8221;{}&#8221; theme_builder_area=&#8221;post_content&#8221;][et_pb_column type=&#8221;4_4&#8243; _builder_version=&#8221;4.16&#8243; _module_preset=&#8221;default&#8221; global_colors_info=&#8221;{}&#8221; theme_builder_area=&#8221;post_content&#8221;][et_pb_text _builder_version=&#8221;4.24.0&#8243; _module_preset=&#8221;default&#8221; custom_margin=&#8221;||8px||false|false&#8221; animation_style=&#8221;slide&#8221; animation_direction=&#8221;left&#8221; global_colors_info=&#8221;{}&#8221; theme_builder_area=&#8221;post_content&#8221;]<\/p>\n<h1 class=\"py-lg-3\" style=\"text-align: center;\">MilkCab Pasteurizer<\/h1>\n<p>[\/et_pb_text][\/et_pb_column][\/et_pb_row][et_pb_row _builder_version=&#8221;4.24.0&#8243; _module_preset=&#8221;default&#8221; global_colors_info=&#8221;{}&#8221; theme_builder_area=&#8221;post_content&#8221;][et_pb_column type=&#8221;4_4&#8243; _builder_version=&#8221;4.24.0&#8243; _module_preset=&#8221;default&#8221; global_colors_info=&#8221;{}&#8221; theme_builder_area=&#8221;post_content&#8221;][et_pb_text _builder_version=&#8221;4.24.0&#8243; _module_preset=&#8221;default&#8221; global_colors_info=&#8221;{}&#8221; theme_builder_area=&#8221;post_content&#8221;]<\/p>\n<p style=\"text-align: center;\"><span style=\"font-size: 16px;\"><\/span><\/p>\n<p><span style=\"font-size: 16px;\">MilkCab Pasteurizer \u00e4r en idealisk och flexibel l\u00f6sning f\u00f6r utfodring av kalvar. Den kan anv\u00e4ndas b\u00e5de f\u00f6r past\u00f6risering av f\u00e4rsk mj\u00f6lk, att blanda mj\u00f6lkpulver i, och f\u00f6r transport och utfodring av f\u00e4rdig, uppv\u00e4rmd mj\u00f6lk.\u00a0\u00a0<\/span><\/p>\n<p><span><\/span><\/p>\n<p><span><\/span><\/p>\n<p>[\/et_pb_text][\/et_pb_column][\/et_pb_row][et_pb_row _builder_version=&#8221;4.24.0&#8243; _module_preset=&#8221;default&#8221; global_colors_info=&#8221;{}&#8221; theme_builder_area=&#8221;post_content&#8221;][et_pb_column type=&#8221;4_4&#8243; _builder_version=&#8221;4.24.0&#8243; _module_preset=&#8221;default&#8221; global_colors_info=&#8221;{}&#8221; theme_builder_area=&#8221;post_content&#8221;][et_pb_image src=&#8221;https:\/\/www.fjossystem.se\/wp-content\/uploads\/2024\/02\/32088387da419227f20729e6cf7687d8-1110&#215;416-1.jpg&#8221; title_text=&#8221;32088387da419227f20729e6cf7687d8-1110&#215;416&#8243; _builder_version=&#8221;4.24.0&#8243; _module_preset=&#8221;default&#8221; custom_padding=&#8221;|0px||||&#8221; hover_enabled=&#8221;0&#8243; global_colors_info=&#8221;{}&#8221; theme_builder_area=&#8221;post_content&#8221; sticky_enabled=&#8221;0&#8243;][\/et_pb_image][\/et_pb_column][\/et_pb_row][et_pb_row _builder_version=&#8221;4.16&#8243; _module_preset=&#8221;default&#8221; global_colors_info=&#8221;{}&#8221; theme_builder_area=&#8221;post_content&#8221;][et_pb_column type=&#8221;4_4&#8243; _builder_version=&#8221;4.16&#8243; _module_preset=&#8221;default&#8221; global_colors_info=&#8221;{}&#8221; theme_builder_area=&#8221;post_content&#8221;][et_pb_text _builder_version=&#8221;4.24.0&#8243; _module_preset=&#8221;default&#8221; theme_builder_area=&#8221;post_content&#8221; text_font_size=&#8221;25px&#8221; hover_enabled=&#8221;0&#8243; sticky_enabled=&#8221;0&#8243;]<\/p>\n<p style=\"text-align: left;\">Past\u00f6risering<\/p>\n<p>[\/et_pb_text][\/et_pb_column][\/et_pb_row][et_pb_row _builder_version=&#8221;4.24.0&#8243; _module_preset=&#8221;default&#8221; theme_builder_area=&#8221;post_content&#8221;][et_pb_column _builder_version=&#8221;4.24.0&#8243; _module_preset=&#8221;default&#8221; type=&#8221;4_4&#8243; theme_builder_area=&#8221;post_content&#8221;][et_pb_text _builder_version=&#8221;4.24.0&#8243; _module_preset=&#8221;default&#8221; theme_builder_area=&#8221;post_content&#8221; hover_enabled=&#8221;0&#8243; sticky_enabled=&#8221;0&#8243;]<\/p>\n<p>Past\u00f6risering av r\u00e5mj\u00f6lk bra f\u00f6r att bevara antikropparna i mj\u00f6lken, visat sig vara positiv f\u00f6r upptaget av antikroppar hos kalven. Past\u00f6risering \u00e4r \u00e4ven en s\u00e4ker metod f\u00f6r att minska eventuella smittor hos kalvarna.\u00a0<span><\/span><\/p>\n<p><span><\/span><\/p>\n<p>[\/et_pb_text][\/et_pb_column][\/et_pb_row][et_pb_row _builder_version=&#8221;4.24.0&#8243; _module_preset=&#8221;default&#8221; theme_builder_area=&#8221;post_content&#8221;][et_pb_column _builder_version=&#8221;4.24.0&#8243; _module_preset=&#8221;default&#8221; type=&#8221;4_4&#8243; theme_builder_area=&#8221;post_content&#8221;][et_pb_text _builder_version=&#8221;4.24.0&#8243; _module_preset=&#8221;default&#8221; theme_builder_area=&#8221;post_content&#8221; text_font_size=&#8221;25px&#8221; hover_enabled=&#8221;0&#8243; sticky_enabled=&#8221;0&#8243;]<\/p>\n<p>Kombinerad anv\u00e4ndning<\/p>\n<p>[\/et_pb_text][\/et_pb_column][\/et_pb_row][et_pb_row _builder_version=&#8221;4.24.0&#8243; _module_preset=&#8221;default&#8221; theme_builder_area=&#8221;post_content&#8221;][et_pb_column _builder_version=&#8221;4.24.0&#8243; _module_preset=&#8221;default&#8221; type=&#8221;4_4&#8243; theme_builder_area=&#8221;post_content&#8221;][et_pb_text _builder_version=&#8221;4.24.0&#8243; _module_preset=&#8221;default&#8221; theme_builder_area=&#8221;post_content&#8221; hover_enabled=&#8221;0&#8243; sticky_enabled=&#8221;0&#8243;]<\/p>\n<p><span style=\"font-size: 16px;\">F\u00f6rutom past\u00f6risering \u00e4r MilkCab ocks\u00e5 anpassad f\u00f6r att blanda mj\u00f6lkpulverers\u00e4ttning. Den \u00e4r utrustad med kraftig omr\u00f6rare, som effektivt blandar mj\u00f6lkpulvret i vatten. Omr\u00f6raren har tv\u00e5 hastigheter; snabb &#8211; f\u00f6r blandning av mj\u00f6lkpulver och l\u00e5ngsam &#8211; f\u00f6r past\u00f6risering. MilkCab kan utrustas med elektrisk drivning och g\u00f6r den d\u00e4rmed perfekt f\u00f6r transport av mj\u00f6lk, t.ex. vid ett system med kalvhyddor. Stora d\u00e4ck och broms s\u00e4kerst\u00e4ller en s\u00e4ker drift \u00e4ven utomhus. Ett v\u00e4rmeelement h\u00e5ller temperaturen p\u00e5 mj\u00f6lken, som enkelt utfodras via slang med doseringshandtag.<\/span><\/p>\n<p><span><\/span><\/p>\n<p><span><\/span><\/p>\n<p>[\/et_pb_text][\/et_pb_column][\/et_pb_row][et_pb_row _builder_version=&#8221;4.24.0&#8243; _module_preset=&#8221;default&#8221; theme_builder_area=&#8221;post_content&#8221;][et_pb_column _builder_version=&#8221;4.24.0&#8243; _module_preset=&#8221;default&#8221; type=&#8221;4_4&#8243; theme_builder_area=&#8221;post_content&#8221;][et_pb_text _builder_version=&#8221;4.24.0&#8243; _module_preset=&#8221;default&#8221; theme_builder_area=&#8221;post_content&#8221; text_font_size=&#8221;25px&#8221; hover_enabled=&#8221;0&#8243; sticky_enabled=&#8221;0&#8243;]<\/p>\n<p>Egenskaper<\/p>\n<p>[\/et_pb_text][\/et_pb_column][\/et_pb_row][et_pb_row _builder_version=&#8221;4.24.0&#8243; _module_preset=&#8221;default&#8221; theme_builder_area=&#8221;post_content&#8221;][et_pb_column _builder_version=&#8221;4.24.0&#8243; _module_preset=&#8221;default&#8221; type=&#8221;4_4&#8243; theme_builder_area=&#8221;post_content&#8221;][et_pb_text _builder_version=&#8221;4.24.0&#8243; _module_preset=&#8221;default&#8221; theme_builder_area=&#8221;post_content&#8221; hover_enabled=&#8221;0&#8243; sticky_enabled=&#8221;0&#8243;]<\/p>\n<ul>\n<li>Anv\u00e4ndarv\u00e4nlig touchsk\u00e4rm. Full kontroll \u00f6ver alla funktioner.<\/li>\n<li>Doseringshandtag med exakt dosering av mj\u00f6lk.<\/li>\n<li>Uppv\u00e4rmning via v\u00e4rmeelement\u00a0 i vattenbad &#8211; i botten och v\u00e4ggar. Den stora ytan s\u00e4krar snabb uppv\u00e4rmning, och med v\u00e4rmeelementet avskilt fr\u00e5n mj\u00f6lken f\u00f6rhindrar med fastbr\u00e4nning av mj\u00f6lk inne i tanken.<\/li>\n<li>Tank i rostfritt st\u00e5l som \u00e4r isolerad.<\/li>\n<li>12 kW 3x400v eller 6 kW 3&#215;230 V v\u00e4rmeelement.<\/li>\n<li>Kraftigt omr\u00f6rare med tv\u00e5 hastigheter.<\/li>\n<li>Filter i polyfosfat som f\u00f6rhindrar kalkavlagringar i vattenbadet.<\/li>\n<li>Automatisk fyllningsventil<\/li>\n<li>Snabbkopplingar f\u00f6r vatten och el.<\/li>\n<\/ul>\n<p>[\/et_pb_text][\/et_pb_column][\/et_pb_row][\/et_pb_section]<\/p>\n","protected":false},"excerpt":{"rendered":"<p>MilkCab Pasteurizer MilkCab Pasteurizer \u00e4r en idealisk och flexibel l\u00f6sning f\u00f6r utfodring av kalvar. Den kan anv\u00e4ndas b\u00e5de f\u00f6r past\u00f6risering av f\u00e4rsk mj\u00f6lk, att blanda mj\u00f6lkpulver i, och f\u00f6r transport och utfodring av f\u00e4rdig, uppv\u00e4rmd mj\u00f6lk.\u00a0\u00a0 Past\u00f6riseringPast\u00f6risering av r\u00e5mj\u00f6lk bra f\u00f6r att bevara antikropparna i mj\u00f6lken, visat sig vara positiv f\u00f6r upptaget av antikroppar hos [&hellip;]<\/p>\n","protected":false},"author":2,"featured_media":0,"parent":0,"menu_order":0,"comment_status":"closed","ping_status":"closed","template":"","meta":{"_et_pb_use_builder":"on","_et_pb_old_content":"","_et_gb_content_width":"","footnotes":""},"class_list":["post-687","page","type-page","status-publish","hentry"],"_links":{"self":[{"href":"https:\/\/www.fjossystem.se\/index.php?rest_route=\/wp\/v2\/pages\/687","targetHints":{"allow":["GET"]}}],"collection":[{"href":"https:\/\/www.fjossystem.se\/index.php?rest_route=\/wp\/v2\/pages"}],"about":[{"href":"https:\/\/www.fjossystem.se\/index.php?rest_route=\/wp\/v2\/types\/page"}],"author":[{"embeddable":true,"href":"https:\/\/www.fjossystem.se\/index.php?rest_route=\/wp\/v2\/users\/2"}],"replies":[{"embeddable":true,"href":"https:\/\/www.fjossystem.se\/index.php?rest_route=%2Fwp%2Fv2%2Fcomments&post=687"}],"version-history":[{"count":3,"href":"https:\/\/www.fjossystem.se\/index.php?rest_route=\/wp\/v2\/pages\/687\/revisions"}],"predecessor-version":[{"id":692,"href":"https:\/\/www.fjossystem.se\/index.php?rest_route=\/wp\/v2\/pages\/687\/revisions\/692"}],"wp:attachment":[{"href":"https:\/\/www.fjossystem.se\/index.php?rest_route=%2Fwp%2Fv2%2Fmedia&parent=687"}],"curies":[{"name":"wp","href":"https:\/\/api.w.org\/{rel}","templated":true}]}}